{"id":46,"date":"2024-01-03T17:17:32","date_gmt":"2024-01-03T16:17:32","guid":{"rendered":"http:\/\/iceeca.org\/iceeca24\/?page_id=46"},"modified":"2024-07-30T12:20:43","modified_gmt":"2024-07-30T11:20:43","slug":"invited-sessions","status":"publish","type":"page","link":"https:\/\/iceeca.org\/iceeca24\/invited-sessions\/","title":{"rendered":"INVITED SESSIONS"},"content":{"rendered":"\n<p class=\"has-text-align-center has-vivid-cyan-blue-color has-text-color has-link-color has-medium-font-size wp-elements-cf907f59592e10c65361989f5812aeeb\"><strong>The 6<sup>th<\/sup> International Conference<\/strong> <\/p>\n\n\n\n<p class=\"has-text-align-center has-vivid-cyan-blue-color has-text-color has-link-color has-medium-font-size wp-elements-36ddc1e97df858c531a679605a87b958\"><strong>on Electrical Engineering and Control Applications&nbsp;<\/strong><\/p>\n\n\n\n<p class=\"has-text-align-center has-vivid-red-color has-text-color has-link-color wp-elements-b8697df5d3c841fa63cc66b1a7c3f4fe\"><strong>&nbsp;ICEECA 2024<\/strong><strong><\/strong><\/p>\n\n\n\n<p class=\"has-text-align-center has-vivid-green-cyan-color has-text-color has-link-color has-medium-font-size wp-elements-191f5c3e6b6affd97ea487162f304f97\">===========================<strong>===<\/strong><\/p>\n\n\n\n<p class=\"has-text-align-center has-vivid-green-cyan-color has-text-color has-link-color has-medium-font-size wp-elements-03f7d2d2f3d2808f302c6dbc4e01ca40\">=============<strong>=====Plenary session N\u00b0 1================<\/strong><\/p>\n\n\n\n<p class=\"has-text-align-center has-vivid-green-cyan-color has-text-color has-link-color has-medium-font-size wp-elements-191f5c3e6b6affd97ea487162f304f97\">===========================<strong>===<\/strong><\/p>\n\n\n\n<p class=\"has-text-align-center has-vivid-red-color has-text-color has-link-color has-medium-font-size wp-elements-0275a8c1e4034a2799f8aad8c06170f3\">Professor Mohamed Benbouzid, <em>IEEE Fellow<\/em><\/p>\n\n\n\n<p class=\"has-text-align-center has-vivid-red-color has-text-color has-link-color has-medium-font-size wp-elements-29ed43e69577d7a3a999139e1ccfb8f7\">University of Brest, France<\/p>\n\n\n\n<p class=\"has-text-align-center has-vivid-red-color has-text-color has-link-color has-medium-font-size wp-elements-30ad33be44295229ea609db1ab505d53\">UMR CNRS 6027 IRDL \u2013 Institut de Recherche Dupuy de L\u00f4me, Brest, France<\/p>\n\n\n\n<p class=\"has-text-align-center has-vivid-purple-color has-text-color has-link-color wp-elements-398ddeb8befb680de174762c34e988ce\"><a href=\"mailto:Mohamed.Benbouzid@univ-brest.fr\">Mohamed.Benbouzid@univ-brest.fr<\/a><\/p>\n\n\n\n<div class=\"wp-block-media-text alignwide is-stacked-on-mobile is-vertically-aligned-center\" style=\"grid-template-columns:27% auto\"><figure class=\"wp-block-media-text__media\"><a href=\"https:\/\/link.springer.com\/book\/10.1007\/978-3-319-48929-2\" target=\"_blank\" rel=\"noreferrer noopener\"><img loading=\"lazy\" decoding=\"async\" width=\"125\" height=\"151\" src=\"https:\/\/iceeca.org\/iceeca24\/wp-content\/uploads\/2024\/07\/Mohamed-Benbouzid-1.jpg\" alt=\"\" class=\"wp-image-822 size-full\"\/><\/a><\/figure><div class=\"wp-block-media-text__content\">\n<p class=\"has-black-color has-text-color has-link-color wp-elements-2706e16c57cda188b1f77c661985a76d\"><strong>Professor Mohamed Benbouzid <\/strong>is a Full Professor in electrical engineering. Prof. Benbouzid primary research interests and expertise include control of electric machines, variable-speed drives for traction, propulsion, and renewable energy applications, and fault diagnosis of electric machines<\/p>\n\n\n\n<p class=\"has-black-color has-text-color has-link-color wp-elements-458617c9a6b0b9bf877257f84f6aefc5\">Prof. Benbouzid is an IEEE Fellow and a Fellow of the IET. He is the Editor-in-Chief of the International Journal on Energy Conversion and the Applied Sciences (MDPI) Section on Electrical, Electronics and Communications Engineering. He is a Subject Editor for the IET Renewable Power Generation.<\/p>\n<\/div><\/div>\n\n\n\n<p class=\"has-text-align-center has-vivid-cyan-blue-color has-text-color has-link-color has-medium-font-size wp-elements-9de7faf74b2d654d8f3585a1327bc2e4\"><strong><em>Title:<\/em><\/strong><\/p>\n\n\n\n<p class=\"has-text-align-center has-vivid-red-color has-text-color has-link-color has-medium-font-size wp-elements-5f86d61d0946eab3ddd6045caa8577d1\"><strong><em>Prognostics and health management: Beyond deep learning with recurrent expansion<\/em><\/strong><\/p>\n\n\n\n<p class=\"has-text-align-left has-vivid-cyan-blue-color has-text-color has-link-color has-medium-font-size wp-elements-bf448cbb225dd8a582d062ed228aff32\"><strong><em>Abstract<\/em><\/strong><\/p>\n\n\n\n<p class=\"has-black-color has-text-color has-link-color wp-elements-e9ba5bdcaaaf70c9ec7380187b872152\" style=\"font-size:14px\">Machine learning applications for prognosis and health management usually face data unavailability, complexity, and drift due to the massive and rapid evolution of data volume, velocity, and variety (3V). Advances in deep learning have brought many improvements in this area, providing generative modelling, nonlinear abstractions, and adaptive learning to meet these challenges. Deep learning aims to learn from representations that provide a coherent abstraction of the original feature space, enabling it to be more meaningful and less complex. However, the data complexity associated with various distortions, such as higher noise levels, remains challenging to overcome. In this context, recurrent expansion algorithms have recently been introduced to explore deeper representations than ordinary deep networks, enabling even better feature mapping. In contrast to traditional deep learning, where abstracting inputs extract meaningful representations, recurrent expansion merges entire deep networks into one, allowing inputs, maps, and estimated targets to be explored as primary sources of learning. These three sources of information provide additional knowledge about their interactions in a deep network. Furthermore, recurrent expansion provides the ability to investigate the estimated targets of multiple networks and learn significant features, improving its accuracy with each round.<\/p>\n\n\n\n<p class=\"has-black-color has-text-color has-link-color wp-elements-96f0b8eaf140367403f1da10a4746820\" style=\"font-size:14px\">This keynote will provide a general overview of recurrent expansion, its main learning rules, variants, and prospective developments in this context. Case studies on electromechanical systems will be provided to illustrate the effectiveness of recurrent expansion prognosis.<\/p>\n\n\n\n<p class=\"has-text-align-center has-vivid-green-cyan-color has-text-color has-link-color has-medium-font-size wp-elements-191f5c3e6b6affd97ea487162f304f97\">===========================<strong>===<\/strong><\/p>\n\n\n\n<p class=\"has-text-align-center has-vivid-green-cyan-color has-text-color has-link-color has-medium-font-size wp-elements-0aaf27ef89307ac72e52d726006a26fa\">===========<strong>======Plenary session N\u00b0 2=================<\/strong><\/p>\n\n\n\n<p class=\"has-text-align-center has-vivid-green-cyan-color has-text-color has-link-color has-medium-font-size wp-elements-191f5c3e6b6affd97ea487162f304f97\">===========================<strong>===<\/strong><\/p>\n\n\n\n<p class=\"has-text-align-center has-vivid-red-color has-text-color has-link-color has-medium-font-size wp-elements-d8954e580862fbb762122387cc2aa475\">Professor Abdenour Lounis<\/p>\n\n\n\n<p class=\"has-text-align-center has-vivid-red-color has-text-color has-link-color has-medium-font-size wp-elements-25ce5f81011053f8fbabdd8d00c3c07d\">CNRS-Grenoble, France<\/p>\n\n\n\n<div class=\"wp-block-media-text alignwide has-media-on-the-right is-stacked-on-mobile is-vertically-aligned-center\" style=\"grid-template-columns:auto 27%\"><div class=\"wp-block-media-text__content\">\n<p class=\"has-black-color has-text-color has-link-color wp-elements-a0f1bdddc54fd3d72ac6ac471a972191\"><strong>Professor Abdenour Lounis,<\/strong> Doctor in Nuclear Physics, from CNRS-Grenoble, France and PhD in High energy Physics from University of Montreal, Canada. He&nbsp; is a senior researcher in Laboratoire de Physique des 2 Infinis, Ir\u00e8ne Joliot Curie Laboratory (IJC Lab) at Orsay and Professor of Universit\u00e9 Paris-Saclay, France.&nbsp; He&nbsp; has contributed during more than 30 years to different research projects mainly those based at CERN Geneva and FERMILAB Chicago, USA. As Pixel project leader at IJC Lab, he has launched a new research activity axis, on innovative high resolution pixel detectors and submicron electronics for ATLAS-CERN experiment. Regarding academic activity, He contributed as responsible of Master 1 Nuclear Energy to nuclear experimental physics teaching duties and internship organization and placement of worldwide students in different research centers (CNRS-CEA-Nuclear Industries, CERN). Abdenour Lounis has cumulated more than 500 publications in Nuclear Instrumentation and has directed successfully several doctorate PhD thesis of Universit\u00e9 Paris Saclay.<\/p>\n<\/div><figure class=\"wp-block-media-text__media\"><img loading=\"lazy\" decoding=\"async\" width=\"157\" height=\"185\" src=\"https:\/\/iceeca.org\/iceeca24\/wp-content\/uploads\/2024\/07\/Abdenour-Lounis-1.jpg\" alt=\"\" class=\"wp-image-823 size-full\"\/><\/figure><\/div>\n\n\n\n<p class=\"has-text-align-center has-vivid-cyan-blue-color has-text-color has-link-color has-medium-font-size wp-elements-9de7faf74b2d654d8f3585a1327bc2e4\"><strong><em>Title:<\/em><\/strong><\/p>\n\n\n\n<p class=\"has-text-align-center has-vivid-red-color has-text-color has-link-color has-medium-font-size wp-elements-09b268c91da122e63065a781fa9af35a\"><strong><em>Recent advanced technologies in radiation sensors used for nuclear experimental projects and spin-off applications.<\/em><\/strong><\/p>\n\n\n\n<p class=\"has-vivid-cyan-blue-color has-text-color has-link-color wp-elements-4483da6371d4a541b27534e0813f485c\"><strong><em>Abstract :<\/em><\/strong><\/p>\n\n\n\n<p class=\"has-black-color has-text-color has-link-color wp-elements-0ffb168fbfc3604c89b23f58947034a0\" style=\"font-size:14px\">Semiconductors sensors are preferred in most of nuclear applications for their superiority in position and timing resolution.<\/p>\n\n\n\n<p class=\"has-black-color has-text-color has-link-color wp-elements-dae49388d0e01fed408611ec84ec4d9a\" style=\"font-size:14px\">Moreover important progress have been made recently to improve for their radiation tolerance, especially when they are associated with rad-hard readout Asics electronics. In this seminar, after a brief review of the status of the art of radiation sensors, technical arguments will be detailed to highlight their performance in the context of most important international scientific projects and spin-off applications.<\/p>\n\n\n\n<p class=\"has-text-align-center has-vivid-green-cyan-color has-text-color has-link-color has-medium-font-size wp-elements-191f5c3e6b6affd97ea487162f304f97\">===========================<strong>===<\/strong><\/p>\n\n\n\n<p class=\"has-vivid-green-cyan-color has-text-color has-link-color has-medium-font-size wp-elements-00f0e1081adc36fe4b41a658b994723c\">===========<strong>=======Plenary session N\u00b0 3================<\/strong><\/p>\n\n\n\n<p class=\"has-text-align-center has-vivid-green-cyan-color has-text-color has-link-color has-medium-font-size wp-elements-191f5c3e6b6affd97ea487162f304f97\">===========================<strong>===<\/strong><\/p>\n\n\n\n<p class=\"has-text-align-center has-vivid-red-color has-text-color has-link-color has-medium-font-size wp-elements-ef1e005c1f54e31d7290a376142c1e11\">Professor Tarek Ahmed-Ali<\/p>\n\n\n\n<p class=\"has-text-align-center has-vivid-red-color has-text-color has-link-color has-medium-font-size wp-elements-f6f8bf0effb94fa9ce65c18a68b49434\">University of Caen Normandy, France<\/p>\n\n\n\n<p class=\"has-text-align-center has-vivid-purple-color has-text-color has-link-color has-small-font-size wp-elements-be046b638b8b775aafcaaaa30a8b1425\"><a href=\"mailto:tarek.ahmed-ali@unicaen.fr\" target=\"_blank\" rel=\"noreferrer noopener\">tarek.ahmed-ali@unicaen.fr<\/a><\/p>\n\n\n\n<div class=\"wp-block-media-text alignwide is-stacked-on-mobile is-vertically-aligned-center\" style=\"grid-template-columns:28% auto\"><figure class=\"wp-block-media-text__media\"><img loading=\"lazy\" decoding=\"async\" width=\"480\" height=\"640\" src=\"https:\/\/iceeca.org\/iceeca24\/wp-content\/uploads\/2024\/07\/AhmedAli-1-rotated.jpg\" alt=\"\" class=\"wp-image-824 size-full\" srcset=\"https:\/\/iceeca.org\/iceeca24\/wp-content\/uploads\/2024\/07\/AhmedAli-1-rotated.jpg 480w, https:\/\/iceeca.org\/iceeca24\/wp-content\/uploads\/2024\/07\/AhmedAli-1-225x300.jpg 225w\" sizes=\"auto, (max-width: 480px) 100vw, 480px\" \/><\/figure><div class=\"wp-block-media-text__content\">\n<p class=\"has-black-color has-text-color has-link-color wp-elements-108aa2a31350df20ded01f54141a6fa0\" style=\"font-size:14px\"><strong>Professor<\/strong> <strong>Tarek Ahmed-Ali<\/strong> was born in Algiers, Algeria, in 1972. He received the B.Sc. degree in electrical engineering from the Ecole Nationale Polytechnique of Algiers, Algiers, in 1994, the M.Sc. degree in electrical and computer engineering from the University of Paris VI, Paris, France, in 1995, and the Ph.D. degree in electrical and computer engineering from the University of Paris Sud, Paris, in 1998.,In 1998, he joined the University of Paris XIII, Paris, as a Teaching and Research Assistant. In 1998, he was also with the Ecole Centrale de Lille, Lille, France, as a Teaching and Research Assistant. In 2000, he joined Soci\u00e9t\u00e9 Nationale des Chemins de fer fran\u00e7ais (the French National Railway Corporation) as a Research and Development Engineer.&nbsp;In 2002, he became a Lecturer in control engineering at Ecole Nationale des Ing\u00e9nieurs des Etudes et Techniques de l&rsquo;Armement, Brest, France.&nbsp;In 2008, he joined as an Associate Professor at the University of Caen, Caen, France, where he became a Professor of automatic control in 2010. His main research interests include sliding mode control, nonlinear observers, and fault-tolerant control and diagnosis in the field of ac drives<\/p>\n<\/div><\/div>\n\n\n\n<p class=\"has-text-align-center has-vivid-cyan-blue-color has-text-color has-link-color has-medium-font-size wp-elements-fdb6db6b7ed17c419f277e2d8d9f1a1a\"><strong><em>Title :<\/em><\/strong><\/p>\n\n\n\n<p class=\"has-text-align-center has-vivid-red-color has-text-color has-link-color has-medium-font-size wp-elements-98e8c50cee3dd6dbd3453ff3f999666f\"><strong><em>Adaptive observers from finite to infinite dimensional systems<\/em><\/strong><\/p>\n\n\n\n<p class=\"has-vivid-cyan-blue-color has-text-color has-link-color has-medium-font-size wp-elements-ceec3803544838b29ff0031f7692d5ab\"><strong><em>Abstract:<\/em><\/strong><\/p>\n\n\n\n<p class=\"has-text-align-left has-black-color has-text-color has-link-color wp-elements-e106da9e0b9f7937f1e9bf6f23ec6257\" style=\"font-size:14px\">&nbsp;This talk is devoted to adaptive observers for some classes of distributed parameters systems. We will show that several existing results for finite dimensional systems can be extended to infinite dimensional systems More precisely, new finite-dimensional adaptive observers are proposed for uncertain heat equation and a class of linear Kuramoto-Sivashinsky equation (KSE) with local output. The observers are based on the modal decomposition approach and use a classical persistent excitation condition to ensure prac tical exponential convergence of both states and parameters estimation. An important challenge of this work is that it treats the case when the function&nbsp;\u03c61(\u00b7,t) of the unknown part in the PDE model, depends on the spatial variable and&nbsp;\u03c61(\u00b7,t)&nbsp;\u2208&nbsp;L2(0,1).<\/p>\n\n\n\n<p class=\"has-text-align-center has-vivid-green-cyan-color has-text-color has-link-color has-medium-font-size wp-elements-191f5c3e6b6affd97ea487162f304f97\">===========================<strong>===<\/strong><\/p>\n\n\n\n<p class=\"has-text-align-center has-vivid-green-cyan-color has-text-color has-link-color has-medium-font-size wp-elements-584d36b63057bf775089da95ec602a3b\">===========<strong>=======Plenary session N\u00b0 4================<\/strong><\/p>\n\n\n\n<p class=\"has-text-align-center has-vivid-green-cyan-color has-text-color has-link-color has-medium-font-size wp-elements-191f5c3e6b6affd97ea487162f304f97\">===========================<strong>===<\/strong><\/p>\n\n\n\n<p class=\"has-text-align-center has-vivid-red-color has-text-color has-link-color has-medium-font-size wp-elements-08a68137ec006ba0e6866bf844387f27\">Professor Massimo Morichi<\/p>\n\n\n\n<p class=\"has-text-align-center has-vivid-red-color has-text-color has-link-color has-medium-font-size wp-elements-83bcfd4219923223f5dfc379f8fd865b\">Universities of Aix-Marseille (France) and Camerino (Italy)<\/p>\n\n\n\n<div class=\"wp-block-media-text alignwide has-media-on-the-right is-stacked-on-mobile is-vertically-aligned-center\" style=\"grid-template-columns:auto 25%\"><div class=\"wp-block-media-text__content\">\n<p class=\"has-black-color has-text-color has-link-color wp-elements-13695e09dc009e3cc49a64deac460be4\" style=\"font-size:15px\">Former: EVP Director Global R&amp;D and Innovation of AREVA Group (France), &nbsp;VP R&amp;D CTO CANBERRA Industries Inc. (BU of AREVA Group) (US), Group Leader of AREVA project for Site Remediation Fukushima Project (Japan),  Head of the AREVA Fellows and of the Intellectual Property Committee, Actual: VP CAEN, Director Nuclear Instrumentation &amp; Systems; Senior Scientist Nuclear Measurements &amp; Methods at CAEN Technologies Inc. Professor at Universities of Aix-Marseille (France) and Camerino (Italy) on Nuclear Measurements, Methods and Applications and University of Pisa DICI Department Upon finishing his technical studies at E. Fermi Institute of Rome in \u201cNuclear Engineering\u201d, he specialized in Reactor Core Physics simulation &amp; modelling participating to ENEA-PEC nuclear reactor studies on reactivity transient analysis. Doctor in Nuclear Physics at University \u201cLa Sapienza\u201d of Rome (Italy) and is a Certified Radiation Protection Expert (level II). <\/p>\n<\/div><figure class=\"wp-block-media-text__media\"><img loading=\"lazy\" decoding=\"async\" width=\"191\" height=\"206\" src=\"https:\/\/iceeca.org\/iceeca24\/wp-content\/uploads\/2024\/07\/Massimo-Morichi-1.jpg\" alt=\"\" class=\"wp-image-825 size-full\"\/><\/figure><\/div>\n\n\n\n<details class=\"wp-block-details is-layout-flow wp-block-details-is-layout-flow\"><summary>Pr. Massimo Morichi &#8230;..<\/summary>\n<p><\/p>\n\n\n\n<p>He starts his activity with the Italian National Institute of Nuclear Physics-INFN and the Ministry of Interior for the Chernobyl emergency, while he was Teacher at the Atomic Defence Laboratory on Gamma-Spectrometry and Nuclear Emergency Measurements. He worked on the development of the first nuclear measurement business unit of COGEMA (Eurisys Measures) and participate to realize all major nuclear measurement systems installed for the French Nuclear Fuel Facilities (Marcoule, La Hague, Pierlatte etc.); he executed the integration of many Companies leaders in nuclear measurements technologies up to the acquisition of Canberra Industries Inc. in 2000 when COGEMA became AREVA. Appointed CTO-VP R&amp;D launched and coordinating the development of many innovative nuclear measurement solutions for IAEA, DOE, DNDO, CEA till 2012 (Fresh and Spent Nuclear Fuel characterization, Active and passive neutron interrogation systems, photofission with Linac, International Safeguards measuring systems as well as the entire new design of Radiation Monitoring System applied to VVR, EPR and AP1000 reactors. In 2011, a week after the Fukushima accident, was appointed Group Leader of the AREVA Fukushima Project in charge of the site remediation plan in Japan in support to TEPCO in the frame of the crisis support collaboration established at government level between France and Japan. In 2012 was promoted SVP-Director of R&amp;D Innovation of the AREVA-Group, where he contributes to establish the Nuclear Light Water Reactor Institute in collaboration with EDF and CEA developing the AREVA set of Technology Roadmaps and many new projects for waste non-destructive measurements, active and passive safety systems for EPR reactor, including In-core measurements and monitoring of reactivity at reactor start-up. He has developed with his teams many technological solutions today in use by the international nuclear safeguards and non-proliferation and realized many systems utilized by the IAEA Inspectors. He is today also Director of the international EU MICADO Project for the realization of the most innovative and expert nuclear waste characterization and digitization system that could represent the EU reference standard. He\u2019s actively studying on nuclear transmutation for the development of a novel ADS Nuclear System and is member of the Scientific Board and Advisor to the original CERN team that design the first Energy Amplifier ADS reactor (lead by Prof. Carlo Rubbia nobel prize). He\u2019s actively involved in the technology identification and establishing the international collaborations. He was visiting member of the Scientific Committee of IRSN (Institute for Nuclear Radiation Safety) and has been Board member of the Nuclear Experimental Reactor J. Horowitz (CEA Cadarache). Panellist, chairman and invited speaker at IAEA Safeguard Conference, STS-Kyoto Forum on \u201cNuclear Technology Trends and Future Prospective\u201d, ANIMMA Conference, IEEE-NSS. Delegate to IAEA General Conference 2022.<\/p>\n<\/details>\n\n\n\n<p class=\"has-text-align-center has-vivid-cyan-blue-color has-text-color has-link-color has-medium-font-size wp-elements-344dbb4c7970a0c5c175cfa23ee49962\"><strong><em>Title&nbsp;:<\/em><\/strong><\/p>\n\n\n\n<p class=\"has-text-align-center has-vivid-red-color has-text-color has-link-color has-medium-font-size wp-elements-b71a8818d41de865c2e47300a1277865\"><strong><em>Novel Nuclear Measurements techniques for SNM identification and analysis in the field of Fundamental Research, Nuclear Security &amp; Safeguards<\/em><\/strong><\/p>\n","protected":false},"excerpt":{"rendered":"<p>The 6th International Conference on Electrical Engineering and Control Applications&nbsp; &nbsp;ICEECA 2024 ============================== ==================Plenary session N\u00b0 1================ ============================== Professor Mohamed Benbouzid, IEEE Fellow University&#46;&#46;&#46;<\/p>\n","protected":false},"author":1,"featured_media":0,"parent":0,"menu_order":0,"comment_status":"closed","ping_status":"closed","template":"","meta":{"footnotes":""},"class_list":["post-46","page","type-page","status-publish","hentry"],"_links":{"self":[{"href":"https:\/\/iceeca.org\/iceeca24\/wp-json\/wp\/v2\/pages\/46","targetHints":{"allow":["GET"]}}],"collection":[{"href":"https:\/\/iceeca.org\/iceeca24\/wp-json\/wp\/v2\/pages"}],"about":[{"href":"https:\/\/iceeca.org\/iceeca24\/wp-json\/wp\/v2\/types\/page"}],"author":[{"embeddable":true,"href":"https:\/\/iceeca.org\/iceeca24\/wp-json\/wp\/v2\/users\/1"}],"replies":[{"embeddable":true,"href":"https:\/\/iceeca.org\/iceeca24\/wp-json\/wp\/v2\/comments?post=46"}],"version-history":[{"count":7,"href":"https:\/\/iceeca.org\/iceeca24\/wp-json\/wp\/v2\/pages\/46\/revisions"}],"predecessor-version":[{"id":856,"href":"https:\/\/iceeca.org\/iceeca24\/wp-json\/wp\/v2\/pages\/46\/revisions\/856"}],"wp:attachment":[{"href":"https:\/\/iceeca.org\/iceeca24\/wp-json\/wp\/v2\/media?parent=46"}],"curies":[{"name":"wp","href":"https:\/\/api.w.org\/{rel}","templated":true}]}}